lse
Is 6013101 a multiple of 19?
True
Is 129096 a multiple of 24?
True
Is 1123400 a multiple of 548?
True
Is 13 a factor of 1053049?
False
Is 114 a factor of 262808?
False
Is 661723 a multiple of 82?
False
Does 67 divide 569796?
False
Is 112 a factor of 5413815?
False
Does 295 divide 815675?
True
Is 3 a factor of 168164?
False
Is 284016 a multiple of 97?
True
Does 10 divide 789149?
False
Is 58 a factor of 50982?
True
Is 841156 a multiple of 46?
True
Does 76 divide 6620750?
False
Is 664 a factor of 7648725?
False
Is 343 a factor of 20400268?
True
Is 2 a factor of 1664001?
False
Does 207 divide 8264475?
True
Is 44 a factor of 1443816?
True
Is 10 a factor of 15536420?
True
Is 3292925 a multiple of 1231?
True
Does 933 divide 2558035?
False
Is 18 a factor of 73173?
False
Is 318 a factor of 2405443?
False
Does 125 divide 317872?
False
Is 62905 a multiple of 115?
True
Is 201730 a multiple of 53?
False
Is 2 a factor of 11065?
False
Is 41737 a multiple of 100?
False
Is 96 a factor of 1654698?
False
Is 69888 a multiple of 96?
True
Does 49 divide 165620?
True
Does 31 divide 90024?
True
Is 238480 a multiple of 27?
False
Does 101 divide 59663?
False
Is 252895 a multiple of 292?
False
Is 357520 a multiple of 54?
False
Is 320 a factor of 2077561?
False
Is 1402452 a multiple of 239?
True
Does 11 divide 763070?
True
Is 64937 a multiple of 49?
False
Does 437 divide 13212896?
False
Is 767 a factor of 3986951?
False
Is 696561 a multiple of 9?
False
Is 26 a factor of 80061?
False
Does 23 divide 298402?
True
Does 5 divide 68835?
True
Is 617600 a multiple of 160?
True
Is 3437043 a multiple of 40?
False
Does 20 divide 262440?
True
Is 5503579 a multiple of 224?
False
Is 16685579 a multiple of 2636?
False
Is 7511111 a multiple of 37?
True
Does 19 divide 35018?
False
Does 662 divide 9132290?
True
Is 104 a factor of 16150?
False
Is 5 a factor of 58576?
False
Does 10 divide 54740?
True
Is 9 a factor of 1178298?
True
Is 8 a factor of 988609?
False
Is 15282 a multiple of 27?
True
Does 1490 divide 5542800?
True
Does 5 divide 2905910?
True
Does 119 divide 69258?
True
Does 33 divide 6235042?
False
Does 465 divide 489645?
True
Is 129 a factor of 1397727?
False
Is 111537 even?
False
Is 389 a factor of 220362?
False
Does 174 divide 7141482?
True
Is 160978 a multiple of 65?
False
Does 123 divide 8026966?
False
Does 49 divide 16099149?
False
Does 4 divide 296912?
True
Is 86 a factor of 1274724?
False
Does 4 divide 179466?
False
Does 98 divide 344274?
True
Is 41 a factor of 712129?
True
Does 62 divide 615789?
False
Is 194706 a multiple of 66?
False
Is 52640 a multiple of 8?
True
Is 15 a factor of 588032?
False
Does 40 divide 5102108?
False
Does 60 divide 54660?
True
Is 12 a factor of 3162384?
True
Is 3581865 a multiple of 83?
True
Does 915 divide 4922700?
True
Is 165510 a multiple of 90?
True
Is 19 a factor of 542881?
False
Does 15 divide 282625?
False
Does 17 divide 190893?
True
Is 4419229 a multiple of 23?
False
Is 1392588 a multiple of 9?
True
Does 5 divide 716288?
False
Is 7 a factor of 313136?
False
Does 759 divide 1694847?
True
Does 8 divide 59615?
False
Is 125965 a multiple of 14?
False
Is 51 a factor of 33628241?
False
Does 67 divide 1259787?
False
Does 537 divide 1984636?
False
Does 40 divide 1356360?
True
Is 37491 a multiple of 41?
False
Is 46 a factor of 143658?
True
Is 46258 even?
True
Does 6 divide 92128?
False
Is 19228 a multiple of 76?
True
Does 29 divide 101017?
False
Is 42 a factor of 177472?
False
Is 26 a factor of 109346?
False
Does 278 divide 300443?
False
Does 62 divide 32821312?
True
Is 48 a factor of 1181136?
True
Does 1302 divide 11289142?
False
Is 217 a factor of 518413?
True
Does 35 divide 24546?
False
Does 79 divide 3114812?
True
Is 24 a factor of 24773?
False
Is 162 a factor of 1277694?
True
Is 62928 a multiple of 583?
False
Is 14743860 a multiple of 10?
True
Does 441 divide 671731?
False
Is 388 a factor of 2740832?
True
Does 173 divide 46112?
False
Is 6 a factor of 1405320?
True
Is 2493718 a multiple of 38?
False
Does 41 divide 706901?
False
Is 151 a factor of 1287879?
True
Does 123 divide 65067?
True
Does 93 divide 623334?
False
Does 149 divide 2032755?
False
Is 121 a factor of 1686193?
False
Is 22 a factor of 434918?
True
Is 1092240 a multiple of 738?
True
Is 186 a factor of 1304991?
False
Does 7 divide 127665?
False
Does 8 divide 13198?
False
Is 751138 a multiple of 50?
False
Is 57504 a multiple of 6?
True
Is 92 a factor of 1586856?
False
Does 58 divide 574780?
True
Is 9502188 a multiple of 12?
True
Does 187 divide 1396506?
False
Is 40 a factor of 495760?
True
Is 137940 a multiple of 19?
True
Does 11 divide 146777?
False
Does 78 divide 9906?
True
Is 324 a factor of 1197895?
False
Is 342 a factor of 1093032?
True
Does 2 divide 59336?
True
Is 64 a factor of 59211?
False
Does 21 divide 192024?
True
Is 78 a factor of 230592?
False
Does 3 divide 97635?
True
Is 19 a factor of 3846?
False
Does 44 divide 2614128?
True
Is 9359099 a multiple of 709?
False
Does 1272 divide 4083120?
True
Does 57 divide 56226?
False
Does 20 divide 2504620?
True
Is 936563 a multiple of 582?
False
Does 486 divide 19155507?
False
Does 27 divide 298267?
False
Is 10 a factor of 3456763?
False
Is 252016 a multiple of 381?
False
Does 225 divide 2414025?
True
Does 514 divide 126958?
True
Does 55 divide 150645?
True
Is 25 a factor of 7467425?
True
Is 10 a factor of 466322?
False
Is 116 a factor of 226934?
False
Is 9 a factor of 368145?
True
Is 30210 a multiple of 19?
True
Is 285663 a multiple of 334?
False
Does 656 divide 408688?
True
Is 814884 a multiple of 109?
True
Does 11 divide 63294?
True
Is 86870 a multiple of 135?
False
Is 53 a factor of 3024359?
False
Is 140 a factor of 774849?
False
Is 194936 a multiple of 449?
False
Is 13381272 a multiple of 6?
True
Is 9 a factor of 22950?
True
Is 18 a factor of 391986?
True
Does 889 divide 2187695?
False
Is 742 a factor of 380646?
True
Does 180 divide 1287472?
False
Is 129 a factor of 2165394?
True
Is 458 a factor of 132203?
False
Does 57 divide 286035?
False
Does 17 divide 1339476?
False
Is 1246 a factor of 15254272?
False
Does 8 divide 815687?
False
Is 182542 a multiple of 207?
False
Does 13 divide 2796596?
False
Is 25 a factor of 830400?
True
Does 433 divide 2682958?
False
Does 12 divide 18652?
False
Is 230004 a multiple of 6?
True
Does 31 divide 3029875?
False
Does 121 divide 197109?
True
Does 21 divide 704361?
True
Is 3 a factor of 250229?
False
Does 61 divide 84240?
False
Is 22 a factor of 1248284?
False
Does 36 divide 1135764?
True
Is 5 a factor of 5760?
True
Is 61 a factor of 2388808?
False
Is 121559 a multiple of 162?
False
Is 850906 a multiple of 14?
True
Does 42 divide 3788250?
False
Is 4270 a multiple of 3?
False
Does 274 divide 1090246?
True
Does 19 divide 1124691?
False
Does 116 divide 10311886?
False
Is 3778127 a multiple of 46?
False
Does 9 divide 27036?
True
Is 5413128 a multiple of 6?
True
Is 1418474 a multiple of 8?
False
Is 359 a factor of 1379278?
True
Does 10 divide 418432?
False
Is 31 a factor of 72912?
True
Is 79275 a multiple of 105?
True
Does 5 divide 93853?
False
Does 143 divide 6815380?
True
Is 904290 a multiple of 44?
False
Is 1082900 a multiple of 35?
True
Is 37165 a multiple of 211?
False
Does 23 divide 789452?
True
Does 55 divide 570523?
False
Is 330669 a multiple of 331?
True
Is 88 a factor of 166320?
True
Does 31 divide 267172?
False
Is 5 a factor of 106669?
False
Does 26 divide 312786?
False
Does 31 divide 54653?
True
Is 4 a factor of 21412?
True
Is 183 a factor of 102663?
True
Is 143 a factor of 2722434?
True
Is 316 a factor of 50244?
True
Is 1687032 a multiple of 12?
True
Is 92 a factor of 166822?
False
Does 279 divide 785106?
True
Is 9 a factor of 180144?
True
Does 910 divide 79170?
True
Is 174782 a multiple of 45?
False
Does 90 divide 2325060?
True
Does 130 divide 24383?
False
Is 3245182 a multiple of 267?
False
Is 3976446 a multiple of 1866?
True
Is 20337723 a multiple of 19?
False
Does 67 divide 1175994?
False
Is 172 a factor of 43860?
True
Does 1054 divide 7530053?
False
Is 647959 a multiple of 2?
False
Is 542898 a multiple of 75?
False
Does 434 divide 499968?
True
Is 28214 a multiple of 2?
True
Is 21208613 a multiple of 29?
False
Does 366 divide 3365004?
True
Is 10399785 a multiple of 33?
True
Is 